rmine c(-25).
-167
Let o(c) = 2*c**3 + 4*c**2 - 1033*c - 8019. Determine o(-8).
-523
Let z(a) = a**2 + 21499*a - 1964691. Calculate z(91).
-1
Let w(s) = s**3 + 242*s**2 + 60*s + 14536. Calculate w(-242).
16
Let g(j) = 19*j**2 + 1213*j - 52. Calculate g(-65).
1378
Let j(s) = -2*s**3 + 82*s**2 - 22*s + 180. Give j(41).
-722
Let j(v) = -882*v + 45015. What is j(51)?
33
Let a(r) = 2*r**3 - 7*r**2 + 198*r + 1917. Determine a(-10).
-2763
Let z(o) = -224*o**2 - 122975*o + 553. Calculate z(-549).
4
Let h(a) = -a**3 - 81*a**2 + 12482*a + 12492. What is h(79)?
10
Let w(q) = q**2 - 763*q + 121442. What is w(226)?
80
Let o(q) = 3*q**3 + 15*q**2 - 1203*q - 6020. Determine o(-5).
-5
Let c(p) = 524*p - 40839. Calculate c(78).
33
Let w(t) = -191*t**3 + 2664*t**2 + 360*t - 3076. What is w(14)?
4
Let s(v) = 6*v**2 + 1223*v - 288814. What is s(140)?
6
Let y(t) = t**2 - 115*t - 142243. Give y(-324).
-7
Let q(f) = -6*f**2 - 73*f + 225. Calculate q(-16).
-143
Let f(j) = 2*j**3 - 18*j**2 + 10*j + 150. Calculate f(6).
-6
Let j(r) = -65*r**2 - 611*r - 585. Determine j(-1).
-39
Let s(r) = r**3 - 192*r**2 + 1188*r - 228095. Calculate s(192).
1
Let h(l) = -1893*l - 730904. Give h(-386).
-206
Let d(l) = -l**3 + 14*l**2 + 208*l - 1020. Calculate d(24).
-1788
Let b(g) = -g**3 - 365*g**2 + 10603*g + 7449. Calculate b(-392).
1
Let x(q) = q**3 - 46*q**2 - 300*q - 608. Determine x(52).
16
Let b(j) = -19*j**2 + 426*j + 40. What is b(14)?
2280
Let j(r) = -r**3 - 12*r**2 + 20*r + 156. Calculate j(-5).
-119
Let l(x) = x**3 - 182*x**2 - 15630*x + 2844629. Determine l(182).
-31
Let x(b) = -21*b**3 + 84*b**2 + 213*b + 49. Determine x(6).
-185
Let b(d) = 136100*d - 119. Calculate b(0).
-119
Let g(a) = -4960*a + 29803. Give g(6).
43
Let v(x) = -x**3 + 1293*x**2 - 9060*x + 11. What is v(7)?
-395
Let x(f) = -f**3 - 10*f**2 + 1300*f + 18265. Determine x(-15).
-110
Let v(c) = c**3 - 507*c**2 + 63846*c - 540. What is v(233)?
392
Let h(n) = 3*n**3 - 111*n**2 - 54*n - 1361. Calculate h(38).
919
Let c(z) = -z**3 - 250*z**2 - 5827*z - 664. Calculate c(-224).
8
Let j(y) = -3*y**3 - 55*y**2 - 68*y + 105. Calculate j(-17).
105
Let m(l) = 3*l**2 + 20692*l + 309717. Determine m(-15).
12
Let u(w) = 35307*w - 141226. What is u(4)?
2
Let v(w) = 211216*w + 3590691. Determine v(-17).
19
Let t(r) = -4*r**3 + 25*r + 46. What is t(5)?
-329
Let h(y) = -320*y + 1864. Give h(13).
-2296
Let a(i) = 2314*i - 6390. Determine a(3).
552
Let m(i) = -i**3 + 176*i**2 + 1419*i - 84. Determine m(-8).
340
Let l(k) = -78*k**2 + 3665*k + 104. Calculate l(47).
57
Let f(u) = -32579*u - 99348. Determine f(-3).
-1611
Let n(t) = -t**3 - 12*t**2 - 48*t - 233. Calculate n(-5).
-168
Let c(k) = -139*k + 8390. What is c(61)?
-89
Let a(t) = 1352*t**3 - 49*t**2 + 4*t + 3. Determine a(-1).
-1402
Let x(l) = l**3 + 17*l**2 - 79*l - 594. Give x(-5).
101
Let x(a) = -8*a**3 + 60*a**2 - 15*a - 112. Calculate x(7).
-21
Let f(r) = 10*r**2 + 103*r + 417. Calculate f(-4).
165
Let u(h) = -15*h**2 - 3838*h + 4344. What is u(-257)?
-25
Let h(n) = -509*n - 36641. Calculate h(-72).
7
Let r(u) = -1606*u - 23273. Determine r(-14).
-789
Let u(o) = -50*o**2 - 1486*o + 4891. What is u(3)?
-17
Let f(i) = -3*i**3 - 3*i**2 - 582*i - 572. Calculate f(-1).
10
Let l(d) = 3*d**3 - 97*d**2 - 76*d + 226. Give l(33).
-104
Let c(a) = -2606*a + 13344. Give c(5).
314
Let w(i) = 50873*i - 559651. Determine w(11).
-48
Let n(k) = -k**3 - 28*k**2 + 370*k + 381. Calculate n(-38).
761
Let h(m) = -120*m**2 + 16*m - 48. Give h(3).
-1080
Let f(c) = 5*c**3 + 53*c**2 - 834*c - 529. Determine f(9).
-97
Let n(d) = -d**2 - 2282*d + 16038. What is n(7)?
15
Let w(d) = -13*d**2 + 397*d + 181. Give w(31).
-5
Let z(u) = -25158*u - 150962. Give z(-6).
-14
Let b(t) = t**2 + 22082*t - 220871. What is b(10)?
49
Let u(t) = -128*t**2 + 2545*t + 5083. Determine u(-2).
-519
Let u(x) = -x**2 - 578*x + 14451. Give u(24).
3
Let o(s) = 4*s**3 + 273*s**2 + 2743*s - 64. What is o(-56)?
-8
Let p(t) = -t**2 - 38*t - 201. What is p(-10)?
79
Let d(h) = h**3 + 6*h**2 + 5987*h + 29919. What is d(-5)?
9
Let b(k) = -80*k + 6423. Calculate b(81).
-57
Let c(n) = 10*n**2 + 5637*n - 57376. Determine c(10).
-6
Let r(v) = -224*v + 11968. Give r(51).
544
Let i(j) = j**3 + 143*j**2 + 113*j - 4159. Give i(-142).
-41
Let g(c) = -c**2 + 155*c - 4439. What is g(90)?
1411
Let j(g) = 1875*g**2 + 26255*g + 65. Give j(-14).
-5
Let o(r) = -r**3 + 807*r**2 - 7992*r + 226. Calculate o(10).
6
Let f(s) = -161*s + 5282. Determine f(33).
-31
Let i(x) = 58*x**2 - 531*x + 6206. Give i(11).
7383
Let a(k) = -2*k**2 + 109*k - 3093. Determine a(28).
-1609
Let m(j) = 4777*j - 33429. Calculate m(7).
10
Let b(j) = -303*j**2 - 1484*j + 17. What is b(-5)?
-138
Let p(q) = 1376*q + 78437. Determine p(-57).
5
Let l(f) = -65*f**2 - 5790*f - 260. Give l(-89).
185
Let h(u) = 24*u**3 - 116*u**2 - 225*u + 1055. Give h(5).
30
Let d(g) = 2*g**2 + 6846*g - 799131. Give d(113).
5
Let f(m) = 11*m**2 - 184*m + 567. Give f(13).
34
Let q(s) = 12758*s - 204026. Give q(16).
102
Let n(l) = 907*l - 10577. Determine n(13).
1214
Let f(k) = k**3 - 171*k**2 + 981*k + 1560. What is f(165)?
75
Let m(i) = -i**3 - 27*i**2 - 98*i - 266. Give m(-22).
-530
Let h(r) = 42*r**2 + 6360*r + 12715. Give h(-2).
163
Let r(c) = c**2 - 221*c - 28471. What is r(-86)?
-2069
Let m(u) = u**3 - 46*u**2 + 332*u - 11480. Determine m(44).
-744
Let o(r) = -2*r**2 + 411*r - 15632. Give o(49).
-295
Let x(r) = -r**3 + 46*r**2 - 149*r + 2622. What is x(44)?
-62
Let v(l) = -1291*l - 5583. Give v(-5).
872
Let m(a) = a**3 + 23*a**2 - 13659*a + 1926. Calculate m(-129).
-9
Let t(n) = -n**3 + 154*n**2 + 1283*n + 1985. Give t(162).
-121
Let f(m) = -m**3 - 112*m**2 - 222*m - 232. Give f(-110).
-12
Let f(z) = 2*z**2 - 1473*z + 21639. Calculate f(15).
-6
Let x(r) = 2809*r - 269660. Determine x(96).
4
Let f(x) = -x**3 + 19*x**2 + 29. Give f(10).
929
Let p(f) = -2*f**3 - 12*f**2 + 35*f + 113. Give p(-9).
284
Let t(q) = 8*q**3 - 238*q**2 - 15*q - 1315. Determine t(30).
35
Let p(v) = 26403*v - 11168474. Calculate p(423).
-5
Let m(a) = 1428*a - 163. Determine m(0).
-163
Let g(q) = -250*q**2 - 1907*q - 1100. Give g(-7).
-1
Let s(z) = 2*z**2 + 928*z - 16552. Give s(18).
800
Let n(m) = 1370*m**2 - 64377*m - 616. Calculate n(47).
-5
Let v(b) = b**3 + 235*b**2 + 530*b + 69044. Give v(-234).
-220
Let o(i) = -165716*i - 3977184. What is o(-24)?
0
Let b(m) = -131*m**2 - 2441*m - 8940. Give b(-5).
-10
Let l(j) = -j**3 + 93*j**2 + 41318*j - 2029. Determine l(255).
11
Let c(s) = s**3 - 908*s**2 + 201214*s + 1028. What is c(524)?
-20
Let i(w) = 12*w**2 + 1667*w + 12873. Calculate i(-8).
305
Let c(d) = d**2 + 1033*d + 165321. What is c(-198)?
-9
Let q(p) = 7*p**3 - 44*p**2 + 2*p + 12. Determine q(7).
271
Let y(f) = -f**3 - 32*f**2 + 69*f + 925. Calculate y(-33).
-263
Let u(t) = -8*t**2 - 1094*t - 14615. What is u(-15)?
-5
Let g(v) = -77*v**3 + 691*v**2 + 13*v + 27. Give g(9).
-18
Let a(v) = -71735*v + 430390. Determine a(6).
-20
Let y(a) = -a**3 + 49*a**2 - 705*a - 15013. Give y(-11).
2
Let f(p) = p**2 + 46*p + 584. Give f(-15).
119
Let d(u) = -3*u**3 + 16*u**2 - 3*u - 36. Give d(-2).
58
Let q(r) = 9*r**3 + 31*r**2 - 172*r + 198. Determine q(3).
204
Let l(j) = -3480*j - 31333. Determine l(-9).
-13
Let t(l) = -57*l**2 + 11863*l - 1549. Give t(208).
-93
Let c(b) = -106*b**2 + 761*b + 14. What is c(7)?
147
Let q(d) = -d**3 + 71*d**2 + 33895*d + 290. Determine q(223).
67
Let q(r) = r**2 + 161*r - 330517. What is q(500)?
-17
Let m(z) = -3*z**3 - 821*z**2 + 198*z - 20812. What is m(-274)?
12
Let q(f) = -1177*f + 136234. Determine q(116).
-298
Let a(c) = -5*c**2 + 260*c - 3646. What is a(24)?
-286
Let k(m) = m**2 - 238*m + 13300. Calculate k(105).
-665
Let s(d) = 82056*d - 738500. What is s(9)?
4
Let y(a) = -56446*a - 19022286. Give y(-337).
16
Let l(g) = -8*g**2 - 159*g - 257. Give l(-20).
-277
Let g(n) = -n**3 - 3*n**2 + 136*n + 133. What is g(-13)?
55
Let r(x) = 4*x**2 + 22*x - 92. What is r(4)?
60
Let z(j) = 3*j**3 + 12*j**2 - 324*j + 11. Determine z(10).
971
Let r(m) = -19*m**2 + 63*m - 33. What is r(8)?
-745
Let c(g) = -1222*g - 24529. Determine c(-22).
2355
Let y(j) = 113*j**2 - 2782*j + 2779. Determine y(1).
110
Let t(r) = -24*r**3 + 270*r**2 + 137*r + 949. What is t(12)?
1
Let m(t) = -t**2 + 569*t + 43349. Determine 